{"id":31,"date":"2021-06-14T08:56:23","date_gmt":"2021-06-14T08:56:23","guid":{"rendered":"http:\/\/test.diener-berlin.de\/?page_id=31"},"modified":"2025-10-09T13:37:29","modified_gmt":"2025-10-09T11:37:29","slug":"geschichte","status":"publish","type":"page","link":"https:\/\/diener-berlin.de\/?page_id=31","title":{"rendered":"Geschichte"},"content":{"rendered":"\n<p><strong><em>Eine kurze Zusammenfassung der illustren Geschichte: <\/em><\/strong><br><br><strong>1766<\/strong><br>Der englische Pferdeauktion\u00e4r Richard Tattersall gr\u00fcndet in London eine Reit-<br>schule mit Pferdvermietung, seitdem hie\u00dfen solche Einrichtungen &#8222;Tattersalls&#8220;.<br><strong>1893<\/strong><br>Die Reitschule, Beermanns &#8222;Tattersall des Westens&#8220; entsteht zwischen Grolmanstra\u00dfe und Uhlandstra\u00dfe. Durch eine Rampe gelangten die Reiter auch in die zweite Reithalle im Obergeschoss. In den S-Bahnb\u00f6gen waren die Stallungen und eine Sattlerei (Ecke Uhlandstra\u00dfe) untergebracht. In der Grolmanstra\u00dfe 47 wird ein Backsteingeb\u00e4ude f\u00fcr ein Casino und Gesellschaftsr\u00e4ume erbaut. Die R\u00e4ume befanden sich \u00fcber dem heutigen Tresenraum der damals als K\u00fcche diente &#8211; der Speisenaufzug ist noch heute zu sehen.<br>Hier pausierte Kaiser Wilhelm II. mit seinen K\u00fcrassieren oder die Damen der Gesellschaft genehmigten sich nach dem Ausritt zur Erfrischung ein Gl\u00e4schen Champagner&#8230;<br><strong>1942<\/strong><br>Der Reitbetrieb wird eingestellt, weil die Pferde an der \u201eFront\u201d gebraucht werden&#8230;<br><strong>1944<\/strong><br>Im April brennt die Reithalle nach einem Bombenangriff ab, das Geb\u00e4ude in der Grolmanstra\u00dfe 47 mit dem \u201eRestaurant zum Tattersall\u201d bleibt verschont.<br><strong>1945<\/strong><br>Die Pferde, die noch in den S-Bahnb\u00f6gen waren, wurden von russischen Soldaten weggef\u00fchrt oder gleich an Ort und Stelle geschlachtet. Zwei Pferdebesitzer, die sich nicht von ihren Tieren trennen wollten sollen dabei erschossen worden sein.<br><strong>1954<\/strong><br>\u201eDurchbruch\u201d in die Grolmanstra\u00dfe 46 zum ehemaligen \u201eCafe Grolman\u201d. Das \u00c4u\u00dfere hat sich bis heute unver\u00e4ndert erhalten.<br>Franz Diener (der ehemalige \u201eDeutsche Meister im Schwergewicht\u201d) \u00fcbernimmt das Lokal, und gibt ihm einen neuen Namen: \u201eFranz Diener\u201d. Sehr bald entwickelt sich der \u201eDIENER\u201d zu einer \u201eK\u00fcnstlerkneipe\u201d. Der Grund daf\u00fcr ist zum einen die Affinit\u00e4t vieler darstellender K\u00fcnstler aus dieser Zeit zum Boxen, zum anderen das freundliche und herzliche Wesen Dieners und vor allem auch die ber\u00fchmte und hausgemachte Leberwurst des gelernten Fleischers. Sowohl seine fr\u00fcheren Box-Gegner wie z.B. Breitenstetter, Samson K\u00f6rner oder Paolino (genannt der \u201ebaskische Stier\u201d) verkehrten im \u201eDIENER\u201d als auch damalige Ber\u00fchmtheiten wie Ernst Deutsch, Georg Grosz oder die Berliner Stachelschweine. Joe Herbst von den \u201eStachelschweinen\u201d gr\u00fcndete schlie\u00dflich den \u201eStammtisch\u201d zu dem bald darauf Leute wie Bob Biberti von den \u201eComoedian Harmonists\u201d, Hans Albers u.v.a.m. z\u00e4hlten.<br><strong>1969<\/strong><br>Franz Diener stirbt im Alter von 65 Jahren.<br>Ein halbes Jahr nach seinem Tod \u00fcbernehmen Lilo Wirthwein und Rolf Honold den \u201eDIENER\u201d. Die beiden haben die Tradition der \u201eK\u00fcnstlerkneipe\u201d erhalten und vor allem auch die bereits 1954 entstandene \u201eBildergalerie\u201d st\u00e4ndig erweitert. So zieren heute ca. 500 K\u00fcnstlerportraits die patinabelegten W\u00e4nde des Lokals.<br>Welche Schauspieler, Feuerschlucker, Seilt\u00e4nzer und Zauberk\u00fcnstler heutzutage im \u201eDIENER\u201d verkehren und immer noch gern eine Leberwurst verzehren unterliegt dem \u201elokalen\u201d Datenschutz&#8230;<br><strong>2005<\/strong><br>\u00fcbernimmt Barbara Kraehkamp diese Berliner Institution und bewahrt die Atmosph\u00e4re der Kultkneipe im Kiez.<br><strong>2025<\/strong><br>Barbara Kraehkamp ist leider Anfang des Jahres verstorben. Im M\u00e4rz 2025 \u00fcbernimmt Joanna Lipska die Leitung des Lokas. Sie hat Barbara das Versprechen gegeben, &#8222;gut auf ihr Baby aufzupassen&#8220;. <\/p>\n","protected":false},"excerpt":{"rendered":"<p>Eine kurze Zusammenfassung der illustren Geschichte: 1766Der englische Pferdeauktion\u00e4r Richard Tattersall gr\u00fcndet in London eine Reit-schule mit Pferdvermietung, seitdem hie\u00dfen solche Einrichtungen &#8222;Tattersalls&#8220;.1893Die Reitschule, Beermanns [&#8230;]<\/p>\n","protected":false},"author":1,"featured_media":103,"parent":0,"menu_order":0,"comment_status":"closed","ping_status":"closed","template":"","meta":[],"_links":{"self":[{"href":"https:\/\/diener-berlin.de\/index.php?rest_route=\/wp\/v2\/pages\/31"}],"collection":[{"href":"https:\/\/diener-berlin.de\/index.php?rest_route=\/wp\/v2\/pages"}],"about":[{"href":"https:\/\/diener-berlin.de\/index.php?rest_route=\/wp\/v2\/types\/page"}],"author":[{"embeddable":true,"href":"https:\/\/diener-berlin.de\/index.php?rest_route=\/wp\/v2\/users\/1"}],"replies":[{"embeddable":true,"href":"https:\/\/diener-berlin.de\/index.php?rest_route=%2Fwp%2Fv2%2Fcomments&post=31"}],"version-history":[{"count":11,"href":"https:\/\/diener-berlin.de\/index.php?rest_route=\/wp\/v2\/pages\/31\/revisions"}],"predecessor-version":[{"id":269,"href":"https:\/\/diener-berlin.de\/index.php?rest_route=\/wp\/v2\/pages\/31\/revisions\/269"}],"wp:featuredmedia":[{"embeddable":true,"href":"https:\/\/diener-berlin.de\/index.php?rest_route=\/wp\/v2\/media\/103"}],"wp:attachment":[{"href":"https:\/\/diener-berlin.de\/index.php?rest_route=%2Fwp%2Fv2%2Fmedia&parent=31"}],"curies":[{"name":"wp","href":"https:\/\/api.w.org\/{rel}","templated":true}]}}