{"id":85,"date":"2021-06-14T11:36:12","date_gmt":"2021-06-14T11:36:12","guid":{"rendered":"http:\/\/test.diener-berlin.de\/?page_id=85"},"modified":"2021-06-15T12:51:07","modified_gmt":"2021-06-15T12:51:07","slug":"kuenstlergalerie","status":"publish","type":"page","link":"https:\/\/diener-berlin.de\/?page_id=85","title":{"rendered":"K\u00fcnstlergalerie"},"content":{"rendered":"\n<p>K\u00fcnstlerinnen und K\u00fcnstler jeder Couleur gaben sich in den vergangen 128 Jahren die Klinken in die Hand und hinterlie\u00dfen oft freundschaftliche Gr\u00fc\u00dfe.  Die Bilder wurden mit Rahmen digital photographiert, um ihre Originalit\u00e4t zu erhalten. Die Autoren der Bilder sind uns leider nicht bekannt. Es handelt sich bei den Photos um Geschenke an den jeweiligen Wirt.<\/p>\n\n\n\n<figure class=\"wp-block-gallery columns-3 is-cropped\"><ul class=\"blocks-gallery-grid\"><li class=\"blocks-gallery-item\"><figure><img loading=\"lazy\" width=\"987\" height=\"768\" src=\"http:\/\/test.diener-berlin.de\/wp-content\/uploads\/2021\/06\/wilder.jpg\" alt=\"\" data-id=\"144\" data-full-url=\"http:\/\/test.diener-berlin.de\/wp-content\/uploads\/2021\/06\/wilder.jpg\" data-link=\"http:\/\/test.diener-berlin.de\/wilder\/\" class=\"wp-image-144\" srcset=\"https:\/\/diener-berlin.de\/wp-content\/uploads\/2021\/06\/wilder.jpg 987w, https:\/\/diener-berlin.de\/wp-content\/uploads\/2021\/06\/wilder-300x233.jpg 300w, https:\/\/diener-berlin.de\/wp-content\/uploads\/2021\/06\/wilder-768x598.jpg 768w\" sizes=\"(max-width: 987px) 100vw, 987px\" \/><\/figure><\/li><li class=\"blocks-gallery-item\"><figure><img loading=\"lazy\" width=\"719\" height=\"776\" src=\"http:\/\/test.diener-berlin.de\/wp-content\/uploads\/2021\/06\/ulla.jpg\" alt=\"\" data-id=\"143\" data-full-url=\"http:\/\/test.diener-berlin.de\/wp-content\/uploads\/2021\/06\/ulla.jpg\" data-link=\"http:\/\/test.diener-berlin.de\/ulla\/\" class=\"wp-image-143\" srcset=\"https:\/\/diener-berlin.de\/wp-content\/uploads\/2021\/06\/ulla.jpg 719w, https:\/\/diener-berlin.de\/wp-content\/uploads\/2021\/06\/ulla-278x300.jpg 278w\" sizes=\"(max-width: 719px) 100vw, 719px\" \/><\/figure><\/li><li class=\"blocks-gallery-item\"><figure><img loading=\"lazy\" width=\"646\" height=\"864\" src=\"http:\/\/test.diener-berlin.de\/wp-content\/uploads\/2021\/06\/udo_juergens.jpg\" alt=\"\" data-id=\"142\" data-full-url=\"http:\/\/test.diener-berlin.de\/wp-content\/uploads\/2021\/06\/udo_juergens.jpg\" data-link=\"http:\/\/test.diener-berlin.de\/udo_juergens\/\" class=\"wp-image-142\" srcset=\"https:\/\/diener-berlin.de\/wp-content\/uploads\/2021\/06\/udo_juergens.jpg 646w, https:\/\/diener-berlin.de\/wp-content\/uploads\/2021\/06\/udo_juergens-224x300.jpg 224w\" sizes=\"(max-width: 646px) 100vw, 646px\" \/><\/figure><\/li><li class=\"blocks-gallery-item\"><figure><img loading=\"lazy\" width=\"661\" height=\"880\" src=\"http:\/\/test.diener-berlin.de\/wp-content\/uploads\/2021\/06\/sunni.jpg\" alt=\"\" data-id=\"141\" data-full-url=\"http:\/\/test.diener-berlin.de\/wp-content\/uploads\/2021\/06\/sunni.jpg\" data-link=\"http:\/\/test.diener-berlin.de\/sunni\/\" class=\"wp-image-141\" srcset=\"https:\/\/diener-berlin.de\/wp-content\/uploads\/2021\/06\/sunni.jpg 661w, https:\/\/diener-berlin.de\/wp-content\/uploads\/2021\/06\/sunni-225x300.jpg 225w\" sizes=\"(max-width: 661px) 100vw, 661px\" \/><\/figure><\/li><li class=\"blocks-gallery-item\"><figure><img loading=\"lazy\" width=\"648\" height=\"861\" src=\"http:\/\/test.diener-berlin.de\/wp-content\/uploads\/2021\/06\/schneider.jpg\" alt=\"\" data-id=\"140\" data-full-url=\"http:\/\/test.diener-berlin.de\/wp-content\/uploads\/2021\/06\/schneider.jpg\" data-link=\"http:\/\/test.diener-berlin.de\/schneider\/\" class=\"wp-image-140\" srcset=\"https:\/\/diener-berlin.de\/wp-content\/uploads\/2021\/06\/schneider.jpg 648w, https:\/\/diener-berlin.de\/wp-content\/uploads\/2021\/06\/schneider-226x300.jpg 226w\" sizes=\"(max-width: 648px) 100vw, 648px\" \/><\/figure><\/li><li class=\"blocks-gallery-item\"><figure><img loading=\"lazy\" width=\"1024\" height=\"726\" src=\"http:\/\/test.diener-berlin.de\/wp-content\/uploads\/2021\/06\/schmeling-1024x726.jpg\" alt=\"\" data-id=\"139\" data-full-url=\"http:\/\/test.diener-berlin.de\/wp-content\/uploads\/2021\/06\/schmeling.jpg\" data-link=\"http:\/\/test.diener-berlin.de\/schmeling\/\" class=\"wp-image-139\" srcset=\"https:\/\/diener-berlin.de\/wp-content\/uploads\/2021\/06\/schmeling-1024x726.jpg 1024w, https:\/\/diener-berlin.de\/wp-content\/uploads\/2021\/06\/schmeling-300x213.jpg 300w, https:\/\/diener-berlin.de\/wp-content\/uploads\/2021\/06\/schmeling-768x544.jpg 768w, https:\/\/diener-berlin.de\/wp-content\/uploads\/2021\/06\/schmeling.jpg 1364w\" sizes=\"(max-width: 1024px) 100vw, 1024px\" \/><\/figure><\/li><li class=\"blocks-gallery-item\"><figure><img loading=\"lazy\" width=\"733\" height=\"942\" src=\"http:\/\/test.diener-berlin.de\/wp-content\/uploads\/2021\/06\/sammy.jpg\" alt=\"\" data-id=\"138\" data-full-url=\"http:\/\/test.diener-berlin.de\/wp-content\/uploads\/2021\/06\/sammy.jpg\" data-link=\"http:\/\/test.diener-berlin.de\/sammy\/\" class=\"wp-image-138\" srcset=\"https:\/\/diener-berlin.de\/wp-content\/uploads\/2021\/06\/sammy.jpg 733w, https:\/\/diener-berlin.de\/wp-content\/uploads\/2021\/06\/sammy-233x300.jpg 233w\" sizes=\"(max-width: 733px) 100vw, 733px\" \/><\/figure><\/li><li class=\"blocks-gallery-item\"><figure><img loading=\"lazy\" width=\"1024\" height=\"745\" src=\"http:\/\/test.diener-berlin.de\/wp-content\/uploads\/2021\/06\/otti-1024x745.jpg\" alt=\"\" data-id=\"137\" data-full-url=\"http:\/\/test.diener-berlin.de\/wp-content\/uploads\/2021\/06\/otti.jpg\" data-link=\"http:\/\/test.diener-berlin.de\/otti\/\" class=\"wp-image-137\" srcset=\"https:\/\/diener-berlin.de\/wp-content\/uploads\/2021\/06\/otti-1024x745.jpg 1024w, https:\/\/diener-berlin.de\/wp-content\/uploads\/2021\/06\/otti-300x218.jpg 300w, https:\/\/diener-berlin.de\/wp-content\/uploads\/2021\/06\/otti-768x559.jpg 768w, https:\/\/diener-berlin.de\/wp-content\/uploads\/2021\/06\/otti.jpg 1113w\" sizes=\"(max-width: 1024px) 100vw, 1024px\" \/><\/figure><\/li><li class=\"blocks-gallery-item\"><figure><img loading=\"lazy\" width=\"873\" height=\"660\" src=\"http:\/\/test.diener-berlin.de\/wp-content\/uploads\/2021\/06\/newton.jpg\" alt=\"\" data-id=\"136\" data-full-url=\"http:\/\/test.diener-berlin.de\/wp-content\/uploads\/2021\/06\/newton.jpg\" data-link=\"http:\/\/test.diener-berlin.de\/newton\/\" class=\"wp-image-136\" srcset=\"https:\/\/diener-berlin.de\/wp-content\/uploads\/2021\/06\/newton.jpg 873w, https:\/\/diener-berlin.de\/wp-content\/uploads\/2021\/06\/newton-300x227.jpg 300w, https:\/\/diener-berlin.de\/wp-content\/uploads\/2021\/06\/newton-768x581.jpg 768w\" sizes=\"(max-width: 873px) 100vw, 873px\" \/><\/figure><\/li><li class=\"blocks-gallery-item\"><figure><img loading=\"lazy\" width=\"1024\" height=\"768\" src=\"http:\/\/test.diener-berlin.de\/wp-content\/uploads\/2021\/06\/hermann-1024x768.jpg\" alt=\"\" data-id=\"131\" data-full-url=\"http:\/\/test.diener-berlin.de\/wp-content\/uploads\/2021\/06\/hermann.jpg\" data-link=\"http:\/\/test.diener-berlin.de\/hermann\/\" class=\"wp-image-131\" srcset=\"https:\/\/diener-berlin.de\/wp-content\/uploads\/2021\/06\/hermann-1024x768.jpg 1024w, https:\/\/diener-berlin.de\/wp-content\/uploads\/2021\/06\/hermann-300x225.jpg 300w, https:\/\/diener-berlin.de\/wp-content\/uploads\/2021\/06\/hermann-768x576.jpg 768w, https:\/\/diener-berlin.de\/wp-content\/uploads\/2021\/06\/hermann-1536x1152.jpg 1536w, https:\/\/diener-berlin.de\/wp-content\/uploads\/2021\/06\/hermann-960x720.jpg 960w, https:\/\/diener-berlin.de\/wp-content\/uploads\/2021\/06\/hermann.jpg 1632w\" sizes=\"(max-width: 1024px) 100vw, 1024px\" \/><\/figure><\/li><li class=\"blocks-gallery-item\"><figure><img loading=\"lazy\" width=\"680\" height=\"902\" src=\"http:\/\/test.diener-berlin.de\/wp-content\/uploads\/2021\/06\/lamprecht.jpg\" alt=\"\" data-id=\"135\" data-full-url=\"http:\/\/test.diener-berlin.de\/wp-content\/uploads\/2021\/06\/lamprecht.jpg\" data-link=\"http:\/\/test.diener-berlin.de\/lamprecht\/\" class=\"wp-image-135\" srcset=\"https:\/\/diener-berlin.de\/wp-content\/uploads\/2021\/06\/lamprecht.jpg 680w, https:\/\/diener-berlin.de\/wp-content\/uploads\/2021\/06\/lamprecht-226x300.jpg 226w\" sizes=\"(max-width: 680px) 100vw, 680px\" \/><\/figure><\/li><li class=\"blocks-gallery-item\"><figure><img loading=\"lazy\" width=\"652\" height=\"873\" src=\"http:\/\/test.diener-berlin.de\/wp-content\/uploads\/2021\/06\/krug.jpg\" alt=\"\" data-id=\"134\" data-full-url=\"http:\/\/test.diener-berlin.de\/wp-content\/uploads\/2021\/06\/krug.jpg\" data-link=\"http:\/\/test.diener-berlin.de\/krug\/\" class=\"wp-image-134\" srcset=\"https:\/\/diener-berlin.de\/wp-content\/uploads\/2021\/06\/krug.jpg 652w, https:\/\/diener-berlin.de\/wp-content\/uploads\/2021\/06\/krug-224x300.jpg 224w\" sizes=\"(max-width: 652px) 100vw, 652px\" \/><\/figure><\/li><li class=\"blocks-gallery-item\"><figure><img loading=\"lazy\" width=\"787\" height=\"1024\" src=\"http:\/\/test.diener-berlin.de\/wp-content\/uploads\/2021\/06\/karel_Gott-787x1024.jpg\" alt=\"\" data-id=\"133\" data-full-url=\"http:\/\/test.diener-berlin.de\/wp-content\/uploads\/2021\/06\/karel_Gott.jpg\" data-link=\"http:\/\/test.diener-berlin.de\/karel_gott\/\" class=\"wp-image-133\" srcset=\"https:\/\/diener-berlin.de\/wp-content\/uploads\/2021\/06\/karel_Gott-787x1024.jpg 787w, https:\/\/diener-berlin.de\/wp-content\/uploads\/2021\/06\/karel_Gott-231x300.jpg 231w, https:\/\/diener-berlin.de\/wp-content\/uploads\/2021\/06\/karel_Gott-768x999.jpg 768w, https:\/\/diener-berlin.de\/wp-content\/uploads\/2021\/06\/karel_Gott.jpg 888w\" sizes=\"(max-width: 787px) 100vw, 787px\" \/><\/figure><\/li><li class=\"blocks-gallery-item\"><figure><img loading=\"lazy\" width=\"674\" height=\"1024\" src=\"http:\/\/test.diener-berlin.de\/wp-content\/uploads\/2021\/06\/hoermann-674x1024.jpg\" alt=\"\" data-id=\"132\" data-full-url=\"http:\/\/test.diener-berlin.de\/wp-content\/uploads\/2021\/06\/hoermann.jpg\" data-link=\"http:\/\/test.diener-berlin.de\/hoermann\/\" class=\"wp-image-132\" srcset=\"https:\/\/diener-berlin.de\/wp-content\/uploads\/2021\/06\/hoermann-674x1024.jpg 674w, https:\/\/diener-berlin.de\/wp-content\/uploads\/2021\/06\/hoermann-198x300.jpg 198w, https:\/\/diener-berlin.de\/wp-content\/uploads\/2021\/06\/hoermann.jpg 710w\" sizes=\"(max-width: 674px) 100vw, 674px\" \/><\/figure><\/li><li class=\"blocks-gallery-item\"><figure><img loading=\"lazy\" width=\"815\" height=\"1024\" src=\"http:\/\/test.diener-berlin.de\/wp-content\/uploads\/2021\/06\/heinz_kunz-815x1024.jpg\" alt=\"\" data-id=\"130\" data-full-url=\"http:\/\/test.diener-berlin.de\/wp-content\/uploads\/2021\/06\/heinz_kunz.jpg\" data-link=\"http:\/\/test.diener-berlin.de\/heinz_kunz\/\" class=\"wp-image-130\" srcset=\"https:\/\/diener-berlin.de\/wp-content\/uploads\/2021\/06\/heinz_kunz-815x1024.jpg 815w, https:\/\/diener-berlin.de\/wp-content\/uploads\/2021\/06\/heinz_kunz-239x300.jpg 239w, https:\/\/diener-berlin.de\/wp-content\/uploads\/2021\/06\/heinz_kunz-768x966.jpg 768w, https:\/\/diener-berlin.de\/wp-content\/uploads\/2021\/06\/heinz_kunz.jpg 1081w\" sizes=\"(max-width: 815px) 100vw, 815px\" \/><\/figure><\/li><li class=\"blocks-gallery-item\"><figure><img loading=\"lazy\" width=\"828\" height=\"1024\" src=\"http:\/\/test.diener-berlin.de\/wp-content\/uploads\/2021\/06\/heinz-828x1024.jpg\" alt=\"\" data-id=\"129\" data-full-url=\"http:\/\/test.diener-berlin.de\/wp-content\/uploads\/2021\/06\/heinz.jpg\" data-link=\"http:\/\/test.diener-berlin.de\/heinz\/\" class=\"wp-image-129\" srcset=\"https:\/\/diener-berlin.de\/wp-content\/uploads\/2021\/06\/heinz-828x1024.jpg 828w, https:\/\/diener-berlin.de\/wp-content\/uploads\/2021\/06\/heinz-243x300.jpg 243w, https:\/\/diener-berlin.de\/wp-content\/uploads\/2021\/06\/heinz-768x949.jpg 768w, https:\/\/diener-berlin.de\/wp-content\/uploads\/2021\/06\/heinz-1242x1536.jpg 1242w, https:\/\/diener-berlin.de\/wp-content\/uploads\/2021\/06\/heinz-1657x2048.jpg 1657w, https:\/\/diener-berlin.de\/wp-content\/uploads\/2021\/06\/heinz.jpg 1752w\" sizes=\"(max-width: 828px) 100vw, 828px\" \/><\/figure><\/li><li class=\"blocks-gallery-item\"><figure><img loading=\"lazy\" width=\"1024\" height=\"768\" src=\"http:\/\/test.diener-berlin.de\/wp-content\/uploads\/2021\/06\/harmonists-1024x768.jpg\" alt=\"\" data-id=\"128\" data-full-url=\"http:\/\/test.diener-berlin.de\/wp-content\/uploads\/2021\/06\/harmonists.jpg\" data-link=\"http:\/\/test.diener-berlin.de\/harmonists\/\" class=\"wp-image-128\" srcset=\"https:\/\/diener-berlin.de\/wp-content\/uploads\/2021\/06\/harmonists-1024x768.jpg 1024w, https:\/\/diener-berlin.de\/wp-content\/uploads\/2021\/06\/harmonists-300x225.jpg 300w, https:\/\/diener-berlin.de\/wp-content\/uploads\/2021\/06\/harmonists-768x576.jpg 768w, https:\/\/diener-berlin.de\/wp-content\/uploads\/2021\/06\/harmonists-1536x1152.jpg 1536w, https:\/\/diener-berlin.de\/wp-content\/uploads\/2021\/06\/harmonists-960x720.jpg 960w, https:\/\/diener-berlin.de\/wp-content\/uploads\/2021\/06\/harmonists.jpg 1632w\" sizes=\"(max-width: 1024px) 100vw, 1024px\" \/><\/figure><\/li><li class=\"blocks-gallery-item\"><figure><img loading=\"lazy\" width=\"723\" height=\"929\" src=\"http:\/\/test.diener-berlin.de\/wp-content\/uploads\/2021\/06\/gaertner.jpg\" alt=\"\" data-id=\"127\" data-full-url=\"http:\/\/test.diener-berlin.de\/wp-content\/uploads\/2021\/06\/gaertner.jpg\" data-link=\"http:\/\/test.diener-berlin.de\/gaertner\/\" class=\"wp-image-127\" srcset=\"https:\/\/diener-berlin.de\/wp-content\/uploads\/2021\/06\/gaertner.jpg 723w, https:\/\/diener-berlin.de\/wp-content\/uploads\/2021\/06\/gaertner-233x300.jpg 233w\" sizes=\"(max-width: 723px) 100vw, 723px\" \/><\/figure><\/li><li class=\"blocks-gallery-item\"><figure><img loading=\"lazy\" width=\"817\" height=\"1024\" src=\"http:\/\/test.diener-berlin.de\/wp-content\/uploads\/2021\/06\/franzdiener-817x1024.jpg\" alt=\"\" data-id=\"126\" data-full-url=\"http:\/\/test.diener-berlin.de\/wp-content\/uploads\/2021\/06\/franzdiener.jpg\" data-link=\"http:\/\/test.diener-berlin.de\/franzdiener\/\" class=\"wp-image-126\" srcset=\"https:\/\/diener-berlin.de\/wp-content\/uploads\/2021\/06\/franzdiener-817x1024.jpg 817w, https:\/\/diener-berlin.de\/wp-content\/uploads\/2021\/06\/franzdiener-239x300.jpg 239w, https:\/\/diener-berlin.de\/wp-content\/uploads\/2021\/06\/franzdiener-768x963.jpg 768w, https:\/\/diener-berlin.de\/wp-content\/uploads\/2021\/06\/franzdiener.jpg 1108w\" sizes=\"(max-width: 817px) 100vw, 817px\" \/><\/figure><\/li><li class=\"blocks-gallery-item\"><figure><img loading=\"lazy\" width=\"1024\" height=\"768\" src=\"http:\/\/test.diener-berlin.de\/wp-content\/uploads\/2021\/06\/fassbinder-1024x768.jpg\" alt=\"\" data-id=\"125\" data-full-url=\"http:\/\/test.diener-berlin.de\/wp-content\/uploads\/2021\/06\/fassbinder.jpg\" data-link=\"http:\/\/test.diener-berlin.de\/fassbinder\/\" class=\"wp-image-125\" srcset=\"https:\/\/diener-berlin.de\/wp-content\/uploads\/2021\/06\/fassbinder-1024x768.jpg 1024w, https:\/\/diener-berlin.de\/wp-content\/uploads\/2021\/06\/fassbinder-300x225.jpg 300w, https:\/\/diener-berlin.de\/wp-content\/uploads\/2021\/06\/fassbinder-768x576.jpg 768w, https:\/\/diener-berlin.de\/wp-content\/uploads\/2021\/06\/fassbinder-1536x1152.jpg 1536w, https:\/\/diener-berlin.de\/wp-content\/uploads\/2021\/06\/fassbinder-960x720.jpg 960w, https:\/\/diener-berlin.de\/wp-content\/uploads\/2021\/06\/fassbinder.jpg 1632w\" sizes=\"(max-width: 1024px) 100vw, 1024px\" \/><\/figure><\/li><li class=\"blocks-gallery-item\"><figure><img loading=\"lazy\" width=\"734\" height=\"951\" src=\"http:\/\/test.diener-berlin.de\/wp-content\/uploads\/2021\/06\/erik_ode.jpg\" alt=\"\" data-id=\"124\" data-full-url=\"http:\/\/test.diener-berlin.de\/wp-content\/uploads\/2021\/06\/erik_ode.jpg\" data-link=\"http:\/\/test.diener-berlin.de\/erik_ode\/\" class=\"wp-image-124\" srcset=\"https:\/\/diener-berlin.de\/wp-content\/uploads\/2021\/06\/erik_ode.jpg 734w, https:\/\/diener-berlin.de\/wp-content\/uploads\/2021\/06\/erik_ode-232x300.jpg 232w\" sizes=\"(max-width: 734px) 100vw, 734px\" \/><\/figure><\/li><li class=\"blocks-gallery-item\"><figure><img loading=\"lazy\" width=\"1024\" height=\"740\" src=\"http:\/\/test.diener-berlin.de\/wp-content\/uploads\/2021\/06\/blacky-1024x740.jpg\" alt=\"\" data-id=\"123\" data-full-url=\"http:\/\/test.diener-berlin.de\/wp-content\/uploads\/2021\/06\/blacky.jpg\" data-link=\"http:\/\/test.diener-berlin.de\/blacky\/\" class=\"wp-image-123\" srcset=\"https:\/\/diener-berlin.de\/wp-content\/uploads\/2021\/06\/blacky-1024x740.jpg 1024w, https:\/\/diener-berlin.de\/wp-content\/uploads\/2021\/06\/blacky-300x217.jpg 300w, https:\/\/diener-berlin.de\/wp-content\/uploads\/2021\/06\/blacky-768x555.jpg 768w, https:\/\/diener-berlin.de\/wp-content\/uploads\/2021\/06\/blacky.jpg 1380w\" sizes=\"(max-width: 1024px) 100vw, 1024px\" \/><\/figure><\/li><li class=\"blocks-gallery-item\"><figure><img loading=\"lazy\" width=\"663\" height=\"874\" src=\"http:\/\/test.diener-berlin.de\/wp-content\/uploads\/2021\/06\/ben_becker.jpg\" alt=\"\" data-id=\"122\" data-full-url=\"http:\/\/test.diener-berlin.de\/wp-content\/uploads\/2021\/06\/ben_becker.jpg\" data-link=\"http:\/\/test.diener-berlin.de\/ben_becker\/\" class=\"wp-image-122\" srcset=\"https:\/\/diener-berlin.de\/wp-content\/uploads\/2021\/06\/ben_becker.jpg 663w, https:\/\/diener-berlin.de\/wp-content\/uploads\/2021\/06\/ben_becker-228x300.jpg 228w\" sizes=\"(max-width: 663px) 100vw, 663px\" \/><\/figure><\/li><\/ul><\/figure>\n","protected":false},"excerpt":{"rendered":"<p>K\u00fcnstlerinnen und K\u00fcnstler jeder Couleur gaben sich in den vergangen 128 Jahren die Klinken in die Hand und hinterlie\u00dfen oft freundschaftliche Gr\u00fc\u00dfe. Die Bilder wurden [&#8230;]<\/p>\n","protected":false},"author":1,"featured_media":118,"parent":0,"menu_order":0,"comment_status":"closed","ping_status":"closed","template":"","meta":[],"_links":{"self":[{"href":"https:\/\/diener-berlin.de\/index.php?rest_route=\/wp\/v2\/pages\/85"}],"collection":[{"href":"https:\/\/diener-berlin.de\/index.php?rest_route=\/wp\/v2\/pages"}],"about":[{"href":"https:\/\/diener-berlin.de\/index.php?rest_route=\/wp\/v2\/types\/page"}],"author":[{"embeddable":true,"href":"https:\/\/diener-berlin.de\/index.php?rest_route=\/wp\/v2\/users\/1"}],"replies":[{"embeddable":true,"href":"https:\/\/diener-berlin.de\/index.php?rest_route=%2Fwp%2Fv2%2Fcomments&post=85"}],"version-history":[{"count":6,"href":"https:\/\/diener-berlin.de\/index.php?rest_route=\/wp\/v2\/pages\/85\/revisions"}],"predecessor-version":[{"id":155,"href":"https:\/\/diener-berlin.de\/index.php?rest_route=\/wp\/v2\/pages\/85\/revisions\/155"}],"wp:featuredmedia":[{"embeddable":true,"href":"https:\/\/diener-berlin.de\/index.php?rest_route=\/wp\/v2\/media\/118"}],"wp:attachment":[{"href":"https:\/\/diener-berlin.de\/index.php?rest_route=%2Fwp%2Fv2%2Fmedia&parent=85"}],"curies":[{"name":"wp","href":"https:\/\/api.w.org\/{rel}","templated":true}]}}